24203 is divided by 2206.
667
Calculate the remainder when 488873 is divided by 2533.
4
What is the remainder when 8002857 is divided by 8002841?
16
Calculate the remainder when 124424156 is divided by 30.
26
What is the remainder when 8005531 is divided by 352?
347
What is the remainder when 41554130 is divided by 358?
354
Calculate the remainder when 266763 is divided by 2964.
3
What is the remainder when 5603314 is divided by 1867759?
37
Calculate the remainder when 10356468 is divided by 30.
18
What is the remainder when 243620 is divided by 1367?
294
What is the remainder when 1885783 is divided by 229?
197
What is the remainder when 998059 is divided by 3229?
298
What is the remainder when 204179 is divided by 67984?
227
What is the remainder when 3419563 is divided by 1061?
1021
Calculate the remainder when 49118596 is divided by 200.
196
What is the remainder when 633827728 is divided by 15?
13
What is the remainder when 58580 is divided by 7315?
60
Calculate the remainder when 51141340 is divided by 68.
36
What is the remainder when 17621350 is divided by 12?
10
What is the remainder when 300291 is divided by 1564?
3
Calculate the remainder when 1187914 is divided by 469.
406
What is the remainder when 56758 is divided by 212?
154
Calculate the remainder when 12977308 is divided by 1328.
92
What is the remainder when 3372433 is divided by 3372415?
18
What is the remainder when 90427493 is divided by 27336?
5
Calculate the remainder when 228558008 is divided by 1374.
1352
Calculate the remainder when 3000548 is divided by 89.
2
What is the remainder when 215776 is divided by 2697?
16
Calculate the remainder when 31878229 is divided by 85.
84
What is the remainder when 207973 is divided by 1523?
845
What is the remainder when 14382078 is divided by 32?
30
What is the remainder when 15086401 is divided by 6286?
1
What is the remainder when 173581 is divided by 34073?
3216
What is the remainder when 196895 is divided by 112?
111
What is the remainder when 1840707 is divided by 4?
3
Calculate the remainder when 1381763 is divided by 195.
188
What is the remainder when 1352841 is divided by 6864?
633
Calculate the remainder when 3016958 is divided by 87.
59
Calculate the remainder when 32776 is divided by 6310.
1226
Calculate the remainder when 988917 is divided by 988912.
5
Calculate the remainder when 2443243 is divided by 143.
88
What is the remainder when 27967259 is divided by 299?
294
Calculate the remainder when 3585979 is divided by 1792954.
71
What is the remainder when 586159 is divided by 65?
54
Calculate the remainder when 1833106 is divided by 143.
132
Calculate the remainder when 190274 is divided by 190250.
24
Calculate the remainder when 746084 is divided by 120.
44
What is the remainder when 1289706 is divided by 113?
37
Calculate the remainder when 17367799 is divided by 434.
421
Calculate the remainder when 2266 is divided by 34.
22
What is the remainder when 13831605 is divided by 386?
67
What is the remainder when 3466 is divided by 1717?
32
What is the remainder when 77851089 is divided by 580?
9
Calculate the remainder when 5341235 is divided by 1068188.
295
Calculate the remainder when 1780341 is divided by 2618.
101
Calculate the remainder when 35398531 is divided by 661.
659
Calculate the remainder when 197926 is divided by 17993.
3
Calculate the remainder when 4627398 is divided by 264.
6
Calculate the remainder when 42187 is divided by 4024.
1947
Calculate the remainder when 7401636 is divided by 274134.
18
Calculate the remainder when 401701 is divided by 86.
81
Calculate the remainder when 19459 is divided by 193.
159
Calculate the remainder when 312765 is divided by 104168.
261
Calculate the remainder when 42228562 is divided by 13.
12
Calculate the remainder when 544353 is divided by 6405.
6333
Calculate the remainder when 34549 is divided by 3309.
1459
What is the remainder when 1815364 is divided by 7854?
1090
Calculate the remainder when 240118 is divided by 59787.
970
What is the remainder when 75079 is divided by 87?
85
Calculate the remainder when 1660972 is divided by 112.
12
What is the remainder when 248166 is divided by 339?
18
What is the remainder when 33001362 is divided by 2806?
2802
Calculate the remainder when 205454 is divided by 1370.
1324
What is the remainder when 2112370 is divided by 57090?
40
Calculate the remainder when 126128243 is divided by 74.
53
Calculate the remainder when 3199740 is divided by 133315.
180
What is the remainder when 272478 is divided by 1157?
583
What is the remainder when 277281 is divided by 3115?
46
What is the remainder when 899676 is divided by 69201?
63
What is the remainder when 151728 is divided by 31?
14
Calculate the remainder when 270529 is divided by 135110.
309
Calculate the remainder when 1103024 is divided by 183685.
914
What is the remainder when 25542 is divided by 1036?
678
What is the remainder when 163118 is divided by 199?
137
Calculate the remainder when 1588276 is divided by 1303.
1222
Calculate the remainder when 796804 is divided by 53061.
889
Calculate the remainder when 2864182 is divided by 13384.
6
Calculate the remainder when 695554352 is divided by 532.
528
Calculate the remainder when 2601884 is divided by 5644.
0
What is the remainder when 40124339 is divided by 58?
55
What is the remainder when 45999 is divided by 9178?
109
Calculate the remainder when 32129040 is divided by 945.
930
What is the remainder when 14965 is divided by 4936?
157
Calculate the remainder when 5973354 is divided by 248888.
42
What is the remainder when 2167519 is divided by 1556?
11
What is the remainder when 43910984 is divided by 2158?
0
What is the remainder when 3861370 is divided by 121?
18
What is the remainder when 873813 is divided by 291271?
0
Calculate the remainder when 1075941 is divided by 1075913.
28
What is the remainder when 732010 is divided by 663?
58
What is the remainder when 6594433 is divided by 224?
97
What is the remainder when 36402 is divided by 2800?
2
Calculate the remainder when 1543103 is divided by 96.
95
Calculate the remainder when 663112 is divided by 3121.
1460
What is the remainder when 370340 is divided by 97?
91
Calculate the remainder when 373435 is divided by 40486.
9061
Calculate the remainder when 14200 is divided by 9.
7
Calculate the remainder when 3155035 is divided by 120.
115
Calculate the remainder when 1987793 is divided by 662595.
8
What is the remainder when 112257962 is divided by 2253?
2237
What is the remainder when 3142987 is divided by 865?
442
Calculate the remainder when 397186 is divided by 24824.
2
Calculate the remainder when 239392 is divided by 119641.
110
What is the remainder when 189481 is divided by 63156?
13
What is the remainder when 2978432 is divided by 10675?
107
What is the remainder when 575838 is divided by 2453?
1836
Calculate the remainder when 7948482 is divided by 55.
47
Calculate the remainder when 13646930 is divided by 5734.
10
Calculate the remainder when 6818410 is divided by 8544.
298
What is the remainder when 166371145 is divided by 9363?
9361
Calculate the remainder when 3629158 is divided by 1530.
1528
Calculate the remainder when 54819423 is divided by 272.
271
Calculate the remainder when 528316 is divided by 14.
12
Calculate the remainder when 238378 is divided by 252.
238
What is the remainder when 2571194 is divided by 399?
38
Calculate the remainder when 78741394 is divided by 236.
230
What is the remainder when 313999 is divided by 438?
391
What is the remainder when 9433 is divided by 1467?
631
What is the remainder when 150695 is divided by 50142?
269
What is the remainder when 1288 is divided by 625?
38
What is the remainder when 130556739 is divided by 1354?
1351
What is the remainder when 23916465 is divided by 5979115?
5
Calculate the remainder when 714599 is divided by 713898.
701
Calculate the remainder when 243907 is divided by 950.
707
What is the remainder when 2619318 is divided by 64?
54
Calculate the remainder when 8085 is divided by 7466.
619
What is the remainder when 28804829 is divided by 10740?
149
Calculate the remainder when 88550 is divided by 12590.
420
Calculate the remainder when 334828495 is divided by 2202819.
7
What is the remai